{"id":44,"date":"2022-08-25T10:16:32","date_gmt":"2022-08-25T07:16:32","guid":{"rendered":"https:\/\/sobesoft.com.tr\/demo\/e7\/?page_id=44"},"modified":"2022-08-25T10:30:15","modified_gmt":"2022-08-25T07:30:15","slug":"sikca-sorulan-sorular","status":"publish","type":"page","link":"https:\/\/sobesoft.com.tr\/demo\/e7\/sikca-sorulan-sorular\/","title":{"rendered":"S\u0131k\u00e7a Sorulan Sorular"},"content":{"rendered":"  <div id=\"page-header-752888502\" class=\"page-header-wrapper\">\n  <div class=\"page-title dark featured-title\">\n\n    \n    <div class=\"page-title-inner container align-center flex-row medium-flex-wrap\" >\n              <div class=\"title-wrapper flex-col text-left medium-text-center\">\n          <h1 class=\"entry-title mb-0\">\n            S\u0131k\u00e7a Sorulan Sorular          <\/h1>\n        <\/div>\n                    <div class=\"title-content flex-col flex-right text-right medium-text-center\">\n        <div class=\"title-breadcrumbs pb-half pt-half\"><nav class=\"woocommerce-breadcrumb breadcrumbs uppercase\">Home<\/nav><\/div>      <\/div>\n    <\/div>\n\n       <\/div>\n    <\/div>\n  \n\t<section class=\"section\" id=\"section_1572806193\">\n\t\t<div class=\"bg section-bg fill bg-fill  bg-loaded\" >\n\n\t\t\t\n\t\t\t\n\t\t\t\n\n\t\t<\/div>\n\n\t\t\n\n\t\t<div class=\"section-content relative\">\n\t\t\t\n\t<div id=\"gap-732879062\" class=\"gap-element clearfix\" style=\"display:block; height:auto;\">\n\t\t\n<style>\n#gap-732879062 {\n  padding-top: 30px;\n}\n<\/style>\n\t<\/div>\n\t\n<div class=\"row row-small\"  id=\"row-1277789879\">\n\n\t<div id=\"col-1822971017\" class=\"col small-12 large-12\"  >\n\t\t\t\t<div class=\"col-inner\"  >\n\t\t\t\n\t\t\t\n\t<div id=\"text-2334851686\" class=\"text\">\n\t\t\n<h2>M\u00fc\u015fterilerimizden Gelen Sorular<\/h2>\n\t\t\n<style>\n#text-2334851686 {\n  font-size: 1.25rem;\n  text-align: center;\n  color: rgb(0, 0, 0);\n}\n#text-2334851686 > * {\n  color: rgb(0, 0, 0);\n}\n<\/style>\n\t<\/div>\n\t\n\t<div id=\"text-1106529844\" class=\"text\">\n\t\t\n<p>Kendi ekibimiz taraf\u0131ndan haz\u0131rlad\u0131\u011f\u0131m\u0131z \u00f6zg\u00fcn web sitesi tasar\u0131mlar\u0131 ile m\u00fc\u015fterilerimize bir \u00e7ok farkl\u0131 \u015fablon se\u00e7enekleri sunuyoruz.<\/p>\n\t\t\n<style>\n#text-1106529844 {\n  text-align: center;\n}\n<\/style>\n\t<\/div>\n\t\n\t\t<\/div>\n\t\t\t\t\n<style>\n#col-1822971017 > .col-inner {\n  padding: 0px 200px 0px 200px;\n}\n<\/style>\n\t<\/div>\n\n\t\n\n\t<div id=\"col-486709322\" class=\"col medium-6 small-12 large-6\"  >\n\t\t\t\t<div class=\"col-inner\"  >\n\t\t\t\n\t\t\t\n<div class=\"accordion\" rel=\"\">\n<div class=\"accordion-item\"><a href=\"#\" class=\"accordion-title plain\"><button class=\"toggle\" aria-label=\"Toggle\"><i class=\"icon-angle-down\"><\/i><\/button><span>S\u0131k\u00e7a Sorulan Soru 1<\/span><\/a><div class=\"accordion-inner\">\n<p>Kendi ekibimiz taraf\u0131ndan haz\u0131rlad\u0131\u011f\u0131m\u0131z \u00f6zg\u00fcn web sitesi tasar\u0131mlar\u0131 ile m\u00fc\u015fterilerimize bir \u00e7ok farkl\u0131 \u015fablon se\u00e7enekleri sunuyoruz.<\/p>\n<\/div><\/div>\n<div class=\"accordion-item\"><a href=\"#\" class=\"accordion-title plain\"><button class=\"toggle\" aria-label=\"Toggle\"><i class=\"icon-angle-down\"><\/i><\/button><span>S\u0131k\u00e7a Sorulan Soru 2<\/span><\/a><div class=\"accordion-inner\">\n<p>Kendi ekibimiz taraf\u0131ndan haz\u0131rlad\u0131\u011f\u0131m\u0131z \u00f6zg\u00fcn web sitesi tasar\u0131mlar\u0131 ile m\u00fc\u015fterilerimize bir \u00e7ok farkl\u0131 \u015fablon se\u00e7enekleri sunuyoruz.<\/p>\n<\/div><\/div>\n<div class=\"accordion-item\"><a href=\"#\" class=\"accordion-title plain\"><button class=\"toggle\" aria-label=\"Toggle\"><i class=\"icon-angle-down\"><\/i><\/button><span>S\u0131k\u00e7a Sorulan Soru 3<\/span><\/a><div class=\"accordion-inner\">\n<p>Kendi ekibimiz taraf\u0131ndan haz\u0131rlad\u0131\u011f\u0131m\u0131z \u00f6zg\u00fcn web sitesi tasar\u0131mlar\u0131 ile m\u00fc\u015fterilerimize bir \u00e7ok farkl\u0131 \u015fablon se\u00e7enekleri sunuyoruz.<\/p>\n<\/div><\/div>\n<div class=\"accordion-item\"><a href=\"#\" class=\"accordion-title plain\"><button class=\"toggle\" aria-label=\"Toggle\"><i class=\"icon-angle-down\"><\/i><\/button><span>S\u0131k\u00e7a Sorulan Soru 4<\/span><\/a><div class=\"accordion-inner\">\n<p>Kendi ekibimiz taraf\u0131ndan haz\u0131rlad\u0131\u011f\u0131m\u0131z \u00f6zg\u00fcn web sitesi tasar\u0131mlar\u0131 ile m\u00fc\u015fterilerimize bir \u00e7ok farkl\u0131 \u015fablon se\u00e7enekleri sunuyoruz.<\/p>\n<\/div><\/div>\n<div class=\"accordion-item\"><a href=\"#\" class=\"accordion-title plain\"><button class=\"toggle\" aria-label=\"Toggle\"><i class=\"icon-angle-down\"><\/i><\/button><span>S\u0131k\u00e7a Sorulan Soru 5<\/span><\/a><div class=\"accordion-inner\">\n<p>Kendi ekibimiz taraf\u0131ndan haz\u0131rlad\u0131\u011f\u0131m\u0131z \u00f6zg\u00fcn web sitesi tasar\u0131mlar\u0131 ile m\u00fc\u015fterilerimize bir \u00e7ok farkl\u0131 \u015fablon se\u00e7enekleri sunuyoruz.<\/p>\n<\/div><\/div>\n<\/div>\n\t\t<\/div>\n\t\t\t\t\t<\/div>\n\n\t\n\n\t<div id=\"col-65647471\" class=\"col medium-6 small-12 large-6\"  >\n\t\t\t\t<div class=\"col-inner\"  >\n\t\t\t\n\t\t\t\n<div class=\"accordion\" rel=\"\">\n<div class=\"accordion-item\"><a href=\"#\" class=\"accordion-title plain\"><button class=\"toggle\" aria-label=\"Toggle\"><i class=\"icon-angle-down\"><\/i><\/button><span>S\u0131k\u00e7a Sorulan Soru 6<\/span><\/a><div class=\"accordion-inner\">\n<p>Kendi ekibimiz taraf\u0131ndan haz\u0131rlad\u0131\u011f\u0131m\u0131z \u00f6zg\u00fcn web sitesi tasar\u0131mlar\u0131 ile m\u00fc\u015fterilerimize bir \u00e7ok farkl\u0131 \u015fablon se\u00e7enekleri sunuyoruz.<\/p>\n<\/div><\/div>\n<div class=\"accordion-item\"><a href=\"#\" class=\"accordion-title plain\"><button class=\"toggle\" aria-label=\"Toggle\"><i class=\"icon-angle-down\"><\/i><\/button><span>S\u0131k\u00e7a Sorulan Soru 7<\/span><\/a><div class=\"accordion-inner\">\n<p>Kendi ekibimiz taraf\u0131ndan haz\u0131rlad\u0131\u011f\u0131m\u0131z \u00f6zg\u00fcn web sitesi tasar\u0131mlar\u0131 ile m\u00fc\u015fterilerimize bir \u00e7ok farkl\u0131 \u015fablon se\u00e7enekleri sunuyoruz.<\/p>\n<\/div><\/div>\n<div class=\"accordion-item\"><a href=\"#\" class=\"accordion-title plain\"><button class=\"toggle\" aria-label=\"Toggle\"><i class=\"icon-angle-down\"><\/i><\/button><span>S\u0131k\u00e7a Sorulan Soru 8<\/span><\/a><div class=\"accordion-inner\">\n<p>Kendi ekibimiz taraf\u0131ndan haz\u0131rlad\u0131\u011f\u0131m\u0131z \u00f6zg\u00fcn web sitesi tasar\u0131mlar\u0131 ile m\u00fc\u015fterilerimize bir \u00e7ok farkl\u0131 \u015fablon se\u00e7enekleri sunuyoruz.<\/p>\n<\/div><\/div>\n<div class=\"accordion-item\"><a href=\"#\" class=\"accordion-title plain\"><button class=\"toggle\" aria-label=\"Toggle\"><i class=\"icon-angle-down\"><\/i><\/button><span>S\u0131k\u00e7a Sorulan Soru 9<\/span><\/a><div class=\"accordion-inner\">\n<p>Kendi ekibimiz taraf\u0131ndan haz\u0131rlad\u0131\u011f\u0131m\u0131z \u00f6zg\u00fcn web sitesi tasar\u0131mlar\u0131 ile m\u00fc\u015fterilerimize bir \u00e7ok farkl\u0131 \u015fablon se\u00e7enekleri sunuyoruz.<\/p>\n<\/div><\/div>\n<div class=\"accordion-item\"><a href=\"#\" class=\"accordion-title plain\"><button class=\"toggle\" aria-label=\"Toggle\"><i class=\"icon-angle-down\"><\/i><\/button><span>S\u0131k\u00e7a Sorulan Soru 10<\/span><\/a><div class=\"accordion-inner\">\n<p>Kendi ekibimiz taraf\u0131ndan haz\u0131rlad\u0131\u011f\u0131m\u0131z \u00f6zg\u00fcn web sitesi tasar\u0131mlar\u0131 ile m\u00fc\u015fterilerimize bir \u00e7ok farkl\u0131 \u015fablon se\u00e7enekleri sunuyoruz.<\/p>\n<\/div><\/div>\n<\/div>\n\t\t<\/div>\n\t\t\t\t\t<\/div>\n\n\t\n<\/div>\n\t\t<\/div>\n\n\t\t\n<style>\n#section_1572806193 {\n  padding-top: 30px;\n  padding-bottom: 30px;\n}\n#section_1572806193 .ux-shape-divider--top svg {\n  height: 150px;\n  --divider-top-width: 100%;\n}\n#section_1572806193 .ux-shape-divider--bottom svg {\n  height: 150px;\n  --divider-width: 100%;\n}\n<\/style>\n\t<\/section>\n\t\n","protected":false},"excerpt":{"rendered":"","protected":false},"author":1,"featured_media":0,"parent":0,"menu_order":0,"comment_status":"closed","ping_status":"closed","template":"page-blank.php","meta":{"inline_featured_image":false,"footnotes":""},"class_list":["post-44","page","type-page","status-publish","hentry"],"_links":{"self":[{"href":"https:\/\/sobesoft.com.tr\/demo\/e7\/wp-json\/wp\/v2\/pages\/44","targetHints":{"allow":["GET"]}}],"collection":[{"href":"https:\/\/sobesoft.com.tr\/demo\/e7\/wp-json\/wp\/v2\/pages"}],"about":[{"href":"https:\/\/sobesoft.com.tr\/demo\/e7\/wp-json\/wp\/v2\/types\/page"}],"author":[{"embeddable":true,"href":"https:\/\/sobesoft.com.tr\/demo\/e7\/wp-json\/wp\/v2\/users\/1"}],"replies":[{"embeddable":true,"href":"https:\/\/sobesoft.com.tr\/demo\/e7\/wp-json\/wp\/v2\/comments?post=44"}],"version-history":[{"count":6,"href":"https:\/\/sobesoft.com.tr\/demo\/e7\/wp-json\/wp\/v2\/pages\/44\/revisions"}],"predecessor-version":[{"id":50,"href":"https:\/\/sobesoft.com.tr\/demo\/e7\/wp-json\/wp\/v2\/pages\/44\/revisions\/50"}],"wp:attachment":[{"href":"https:\/\/sobesoft.com.tr\/demo\/e7\/wp-json\/wp\/v2\/media?parent=44"}],"curies":[{"name":"wp","href":"https:\/\/api.w.org\/{rel}","templated":true}]}}