{"id":2695,"date":"2021-12-21T12:07:38","date_gmt":"2021-12-21T09:07:38","guid":{"rendered":"https:\/\/sobesoft.com.tr\/demo\/e4\/?post_type=product&#038;p=2695"},"modified":"2021-12-21T12:08:42","modified_gmt":"2021-12-21T09:08:42","slug":"erkek-cocuk-cizgili-yesil-keten-pantolon","status":"publish","type":"product","link":"https:\/\/sobesoft.com.tr\/demo\/e4\/urun\/erkek-cocuk-cizgili-yesil-keten-pantolon\/","title":{"rendered":"Erkek \u00c7ocuk \u00c7izgili Ye\u015fil Keten Pantolon"},"content":{"rendered":"","protected":false},"excerpt":{"rendered":"<ul>\n<li><span style=\"font-size: 95%;color: #333333\">Keten Kuma\u015f Erkek \u00e7ocuk pantolonu<\/span><\/li>\n<li><span style=\"font-size: 95%;color: #333333\">\u00c7izgili pantolon<\/span><\/li>\n<li><span style=\"font-size: 95%;color: #333333\">Beli lastikli<\/span><\/li>\n<\/ul>\n","protected":false},"featured_media":2743,"comment_status":"open","ping_status":"closed","template":"","meta":{"inline_featured_image":false},"product_cat":[142,141],"product_tag":[149],"class_list":{"0":"post-2695","1":"product","2":"type-product","3":"status-publish","4":"has-post-thumbnail","6":"product_cat-alt-giyim","7":"product_cat-erkek-cocuk","8":"product_tag-erkek-cocuk-keten-pantolon","10":"first","11":"instock","12":"taxable","13":"shipping-taxable","14":"purchasable","15":"product-type-variable"},"_links":{"self":[{"href":"https:\/\/sobesoft.com.tr\/demo\/e4\/wp-json\/wp\/v2\/product\/2695","targetHints":{"allow":["GET"]}}],"collection":[{"href":"https:\/\/sobesoft.com.tr\/demo\/e4\/wp-json\/wp\/v2\/product"}],"about":[{"href":"https:\/\/sobesoft.com.tr\/demo\/e4\/wp-json\/wp\/v2\/types\/product"}],"replies":[{"embeddable":true,"href":"https:\/\/sobesoft.com.tr\/demo\/e4\/wp-json\/wp\/v2\/comments?post=2695"}],"wp:featuredmedia":[{"embeddable":true,"href":"https:\/\/sobesoft.com.tr\/demo\/e4\/wp-json\/wp\/v2\/media\/2743"}],"wp:attachment":[{"href":"https:\/\/sobesoft.com.tr\/demo\/e4\/wp-json\/wp\/v2\/media?parent=2695"}],"wp:term":[{"taxonomy":"product_cat","embeddable":true,"href":"https:\/\/sobesoft.com.tr\/demo\/e4\/wp-json\/wp\/v2\/product_cat?post=2695"},{"taxonomy":"product_tag","embeddable":true,"href":"https:\/\/sobesoft.com.tr\/demo\/e4\/wp-json\/wp\/v2\/product_tag?post=2695"}],"curies":[{"name":"wp","href":"https:\/\/api.w.org\/{rel}","templated":true}]}}