{"id":2691,"date":"2021-12-21T12:07:38","date_gmt":"2021-12-21T09:07:38","guid":{"rendered":"https:\/\/sobesoft.com.tr\/demo\/e4\/?post_type=product&#038;p=2691"},"modified":"2021-12-21T12:08:50","modified_gmt":"2021-12-21T09:08:50","slug":"erkek-cocuk-koyu-zeytin-yesili-esofman-alti","status":"publish","type":"product","link":"https:\/\/sobesoft.com.tr\/demo\/e4\/urun\/erkek-cocuk-koyu-zeytin-yesili-esofman-alti\/","title":{"rendered":"Erkek \u00c7ocuk Koyu Zeytin Ye\u015fili E\u015fofman Alt\u0131"},"content":{"rendered":"","protected":false},"excerpt":{"rendered":"<ul>\n<li>Beli lastikli erkek \u00e7ocuk e\u015fofman alt\u0131<\/li>\n<li>Koyu zeytin ye\u015fili renk<\/li>\n<li>Pamuklu kuma\u015f e\u015fofman<\/li>\n<\/ul>\n","protected":false},"featured_media":2725,"comment_status":"open","ping_status":"closed","template":"","meta":{"inline_featured_image":false},"product_cat":[142,141],"product_tag":[],"class_list":{"0":"post-2691","1":"product","2":"type-product","3":"status-publish","4":"has-post-thumbnail","6":"product_cat-alt-giyim","7":"product_cat-erkek-cocuk","9":"first","10":"instock","11":"taxable","12":"shipping-taxable","13":"purchasable","14":"product-type-variable"},"_links":{"self":[{"href":"https:\/\/sobesoft.com.tr\/demo\/e4\/wp-json\/wp\/v2\/product\/2691","targetHints":{"allow":["GET"]}}],"collection":[{"href":"https:\/\/sobesoft.com.tr\/demo\/e4\/wp-json\/wp\/v2\/product"}],"about":[{"href":"https:\/\/sobesoft.com.tr\/demo\/e4\/wp-json\/wp\/v2\/types\/product"}],"replies":[{"embeddable":true,"href":"https:\/\/sobesoft.com.tr\/demo\/e4\/wp-json\/wp\/v2\/comments?post=2691"}],"wp:featuredmedia":[{"embeddable":true,"href":"https:\/\/sobesoft.com.tr\/demo\/e4\/wp-json\/wp\/v2\/media\/2725"}],"wp:attachment":[{"href":"https:\/\/sobesoft.com.tr\/demo\/e4\/wp-json\/wp\/v2\/media?parent=2691"}],"wp:term":[{"taxonomy":"product_cat","embeddable":true,"href":"https:\/\/sobesoft.com.tr\/demo\/e4\/wp-json\/wp\/v2\/product_cat?post=2691"},{"taxonomy":"product_tag","embeddable":true,"href":"https:\/\/sobesoft.com.tr\/demo\/e4\/wp-json\/wp\/v2\/product_tag?post=2691"}],"curies":[{"name":"wp","href":"https:\/\/api.w.org\/{rel}","templated":true}]}}