{"id":965,"date":"2021-12-16T15:02:38","date_gmt":"2021-12-16T12:02:38","guid":{"rendered":"https:\/\/sobesoft.com.tr\/demo\/e3\/?post_type=product&#038;p=965"},"modified":"2021-12-16T15:04:23","modified_gmt":"2021-12-16T12:04:23","slug":"demo-uzun-mavi-elbise","status":"publish","type":"product","link":"https:\/\/sobesoft.com.tr\/demo\/e3\/urun\/demo-uzun-mavi-elbise\/","title":{"rendered":"Demo Uzun Mavi Elbise"},"content":{"rendered":"<p><strong>Lorem Ipsum<\/strong>, dizgi ve bask\u0131 end\u00fcstrisinde kullan\u0131lan m\u0131g\u0131r metinlerdir. Lorem Ipsum, ad\u0131 bilinmeyen bir matbaac\u0131n\u0131n bir hurufat numune kitab\u0131 olu\u015fturmak \u00fczere bir yaz\u0131 galerisini alarak kar\u0131\u015ft\u0131rd\u0131\u011f\u0131 1500&#8217;lerden beri end\u00fcstri standard\u0131 sahte metinler olarak kullan\u0131lm\u0131\u015ft\u0131r.<\/p>\n<ul>\n<li><\/li>\n<\/ul>\n","protected":false},"excerpt":{"rendered":"<p><strong>\u00dcr\u00fcn\u00fcn \u00d6zellikleri<\/strong><\/p>\n<ul>\n<li class=\"pd-block\"><span class=\"productdetail-title\">\u00dcr\u00fcn Ad\u0131 : <\/span>Elbise<\/li>\n<li class=\"pd-block\"><span class=\"productdetail-title\">Manken Bilgileri :\u00a0<\/span>Kilo : 52 kg \/ Boy : 173 cm G\u00f6\u011f\u00fcs : 82 cm \/ Bel : 60 cm \/ Kal\u00e7a 89: cm Di\u011fer :<\/li>\n<li class=\"pd-block\"><span class=\"productdetail-title\">Numune Bedeni :\u00a0<\/span>36<\/li>\n<li class=\"pd-block\">Materyal :100% Polyester<\/li>\n<li class=\"pd-block\">Desen :\u00a0Dantel<\/li>\n<li class=\"pd-block\">Fit \/ Kal\u0131p Bilgisi :Normal \/ Regular<\/li>\n<li class=\"pd-block\">Kol Bilgisi :Ask\u0131l\u0131<\/li>\n<li class=\"pd-block\">Cep Bilgisi :\u00a0Cepsiz<\/li>\n<li class=\"pd-block\">Kapama \u00d6zelli\u011fi :D\u00fc\u011fmeli, Fermuarl\u0131<\/li>\n<li class=\"pd-block\">Boy Bilgisi :Orta \/ Midi<\/li>\n<li><span class=\"productdetail-title\">\u00dcr\u00fcn Detay\u0131 :\u00a0<\/span>%100 Polyester<\/li>\n<\/ul>\n","protected":false},"featured_media":980,"comment_status":"open","ping_status":"closed","template":"","meta":{"inline_featured_image":false},"product_cat":[70,69,20],"product_tag":[71,65,72],"class_list":{"0":"post-965","1":"product","2":"type-product","3":"status-publish","4":"has-post-thumbnail","6":"product_cat-elbise-giyim-kadin","7":"product_cat-giyim-kadin","8":"product_cat-kadin","9":"product_tag-elbise","10":"product_tag-giyim","11":"product_tag-kadin","13":"first","14":"instock","15":"sale","16":"featured","17":"taxable","18":"shipping-taxable","19":"purchasable","20":"product-type-variable"},"_links":{"self":[{"href":"https:\/\/sobesoft.com.tr\/demo\/e3\/wp-json\/wp\/v2\/product\/965","targetHints":{"allow":["GET"]}}],"collection":[{"href":"https:\/\/sobesoft.com.tr\/demo\/e3\/wp-json\/wp\/v2\/product"}],"about":[{"href":"https:\/\/sobesoft.com.tr\/demo\/e3\/wp-json\/wp\/v2\/types\/product"}],"replies":[{"embeddable":true,"href":"https:\/\/sobesoft.com.tr\/demo\/e3\/wp-json\/wp\/v2\/comments?post=965"}],"wp:featuredmedia":[{"embeddable":true,"href":"https:\/\/sobesoft.com.tr\/demo\/e3\/wp-json\/wp\/v2\/media\/980"}],"wp:attachment":[{"href":"https:\/\/sobesoft.com.tr\/demo\/e3\/wp-json\/wp\/v2\/media?parent=965"}],"wp:term":[{"taxonomy":"product_cat","embeddable":true,"href":"https:\/\/sobesoft.com.tr\/demo\/e3\/wp-json\/wp\/v2\/product_cat?post=965"},{"taxonomy":"product_tag","embeddable":true,"href":"https:\/\/sobesoft.com.tr\/demo\/e3\/wp-json\/wp\/v2\/product_tag?post=965"}],"curies":[{"name":"wp","href":"https:\/\/api.w.org\/{rel}","templated":true}]}}